7a
In base 12, what is 5 - 8619a?
-86195
In base 15, what is 8 + -ed2?
-ec9
In base 10, what is -5 - 1494?
-1499
In base 16, what is 9f1c - 3?
9f19
In base 5, what is -2 + 120420143?
120420141
In base 10, what is 783 - 119?
664
In base 9, what is -11668 - 88?
-11767
In base 10, what is 170 - 1594?
-1424
In base 8, what is -2 - 636215?
-636217
In base 9, what is 6102 + -307?
5684
In base 15, what is 20e4 - b?
20d8
In base 13, what is 2 - -bb39?
bb3b
In base 11, what is 41 + 1a58?
1a99
In base 14, what is 368 + -1?
367
In base 12, what is 1 + b39b?
b3a0
In base 16, what is -3 - -1021c?
10219
In base 12, what is 112 - 160?
-4a
In base 16, what is 7a19 + -2?
7a17
In base 8, what is -2 + 301725?
301723
In base 11, what is -122 + 349?
227
In base 11, what is a96 - -223?
1209
In base 16, what is f6f06 - 1?
f6f05
In base 10, what is -421 + 101?
-320
In base 14, what is -5a - -bda?
b80
In base 9, what is 773 - 428?
344
In base 3, what is -20121 - -1112101?
1021210
In base 5, what is 101122 - 2?
101120
In base 12, what is 40 + -16176?
-16136
In base 7, what is 254 + 1436?
2023
In base 13, what is 1 - -74cc4?
74cc5
In base 12, what is -20 + 751?
731
In base 13, what is -6 - -225?
21c
In base 15, what is -46 + aea?
aa4
In base 11, what is 3 - 510973?
-510970
In base 12, what is 1 - a098?
-a097
In base 15, what is 4 + -83de?
-83da
In base 8, what is 2003 + -104?
1677
In base 8, what is -220 - -43?
-155
In base 15, what is 7 + 4e45?
4e4c
In base 4, what is 3 - -1211031221?
1211031230
In base 7, what is -2 + 2406302?
2406300
In base 8, what is -45261 + -2?
-45263
In base 3, what is -20110 + 21211?
1101
In base 5, what is -114222 - 3?
-114230
In base 14, what is -1c - -b433?
b415
In base 3, what is -2120221010 + -1?
-2120221011
In base 16, what is -1eaa6 - 4?
-1eaaa
In base 10, what is 5 + -451658?
-451653
In base 10, what is 341734 + 1?
341735
In base 16, what is -4 - 20e90?
-20e94
In base 11, what is -6933 - 7?
-693a
In base 14, what is -17 - -1aa?
193
In base 16, what is 18bb + e?
18c9
In base 8, what is -45735 - -2?
-45733
In base 5, what is 4 + -4230231?
-4230222
In base 13, what is -6 + -120b49?
-120b52
In base 16, what is a0 - -20?
c0
In base 16, what is -f9 + -30c?
-405
In base 4, what is 1121 - 23023?
-21302
In base 4, what is -22 - -1230333?
1230311
In base 5, what is 143 + 144114?
144312
In base 6, what is 5 - -22410?
22415
In base 4, what is 11 - -13320323?
13321000
In base 4, what is 2012201 - 100?
2012101
In base 2, what is -111011101111011 + 0?
-111011101111011
In base 16, what is 5 + 7793?
7798
In base 4, what is 1 + 312301?
312302
In base 4, what is 0 + 20231?
20231
In base 4, what is -1010221102 - -30?
-1010221012
In base 12, what is 19 - -5b47?
5b64
In base 14, what is -69c9 - -1?
-69c8
In base 5, what is -4033441 + 0?
-4033441
In base 2, what is -10 - -100001111100100101?
100001111100100011
In base 13, what is -900 - -1a34?
1134
In base 15, what is -e94 + 72?
-e22
In base 3, what is -111200 - -2111?
-102012
In base 16, what is 3 - 72ad?
-72aa
In base 7, what is -216 - -300313?
300064
In base 6, what is -342 - -110221?
105435
In base 13, what is -3907 + -36?
-3940
In base 3, what is -2 + 121200102100?
121200102021
In base 5, what is -212410103 + 2?
-212410101
In base 11, what is 14 - -58036?
5804a
In base 6, what is 0 - 4401115?
-4401115
In base 15, what is -24 - c59b?
-c5c0
In base 16, what is 1c - 6213?
-61f7
In base 12, what is -2 + -1251a?
-12520
In base 15, what is 379 + 376?
700
In base 11, what is 14891 + -10?
14881
In base 11, what is 55317 - -1?
55318
In base 7, what is 33034 + 2?
33036
In base 11, what is 18 + a69?
a86
In base 14, what is -6d - 642?
-6b1
In base 4, what is 110300232 - -13?
110300311
In base 3, what is -12 - -1212222211?
1212222122
In base 7, what is 2461033 + -3?
2461030
In base 16, what is -5662 - -2f?
-5633
In base 3, what is 1002 - -20101121?
20102200
In base 3, what is 11 + -100222220?
-100222202
In base 7, what is -45321324 - 3?
-45321330
In base 11, what is -5163 - -21?
-5142
In base 11, what is -85966 + 3?
-85963
In base 4, what is -110323 - 1322?
-112311
In base 12, what is 14a30 - 4?
14a28
In base 13, what is -26348 + -2?
-2634a
In base 13, what is 3c76 - 4?
3c72
In base 13, what is 3 + -182880?
-18287a
In base 8, what is 52 + -63072?
-63020
In base 15, what is -4cb00 - 5?
-4cb05
In base 9, what is -24276 - 1?
-24277
In base 3, what is 22020 + 1111?
100201
In base 7, what is -2205 - -543?
-1332
In base 15, what is 28745c - 1?
28745b
In base 14, what is d3 - -106a?
115d
In base 4, what is -320 - 3300311?
-3301231
In base 8, what is -1 + 156413?
156412
In base 16, what is -2fd3 + -4?
-2fd7
In base 2, what is -11011011001100111 + -11?
-11011011001101010
In base 4, what is 21 - 1133132201?
-1133132120
In base 4, what is -11232003 - -2?
-11232001
In base 15, what is 1 - -c367d?
c367e
In base 12, what is -13 - 171b?
-1732
In base 15, what is -510 - -44?
-4bb
In base 8, what is 35533 - -1?
35534
In base 9, what is -65553 + 156?
-65386
In base 6, what is 440430 - -103?
440533
In base 2, what is -10 - -100001110001001?
100001110000111
In base 11, what is -2229 + -12?
-2240
In base 6, what is 1303520 - 1?
1303515
In base 9, what is 357 + 716?
1174
In base 2, what is -11100000001001 + -10010101?
-11100010011110
In base 15, what is 5 + -42611?
-4260b
In base 12, what is 8b832 - -2?
8b834
In base 14, what is -c6a33 - 13?
-c6a46
In base 5, what is 334433 - 3?
334430
In base 12, what is 103 - -227?
32a
In base 15, what is a8 - -1c?
c5
In base 15, what is 31174 - 4?
31170
In base 16, what is -2 + -c77f?
-c781
In base 2, what is 11 - 110000110110100?
-110000110110001
In base 7, what is -1363245 + -11?
-1363256
In base 8, what is 7 - 51577?
-51570
In base 7, what is 32 + 2010?
2042
In base 2, what is 1 + -1010111100111111?
-1010111100111110
In base 16, what is 1fe5 - e?
1fd7
In base 7, what is -3 + -46024?
-46030
In base 4, what is -3331 + -21223?
-31220
In base 13, what is 1 - 9c4a?
-9c49
In base 7, what is 44 - 4624?
-4550
In base 14, what is c51 - -5?
c56
In base 4, what is 1123 + 1122?
2311
In base 12, what is -1a59420 - 4?
-1a59424
In base 5, what is -4 + 43020?
43011
In base 8, what is -3 + -1050?
-1053
In base 8, what is 7 + 36715?
36724
In base 16, what is 5f5 + 4c?
641
In base 15, what is -4343e - -14?
-4342a
In base 15, what is -dee90b - 0?
-dee90b
In base 7, what is -2412164 - -10?
-2412154
In base 9, what is -1205237 - -3?
-1205234
In base 14, what is -1cc22 - -d?
-1cc13
In base 12, what is 0 + 9656b?
9656b
In base 11, what is 2 + 368069?
368070
In base 15, what is -1c - -266?
249
In base 14, what is -2 - 2669?
-266b
In base 15, what is 1 + -25b1?
-25b0
In base 6, what is -252253 + -10?
-252303
In base 16, what is 0 - 9ea7?
-9ea7
In base 11, what is 0 - 17a42?
-17a42
In base 7, what is 14 - 404325?
-404311
In base 11, what is -155a - 6?
-1565
In base 13, what is -a51 + 137?
-917
In base 15, what is -13d - 3a56?
-3b94
In base 3, what is -210121 - -11210?
-121211
In base 16, what is -95e + 142?
-81c
In base 14, what is -48 + 270?
226
In base 2, what is 10111100100101 + 1000001?
10111101100110
In base 7, what is 16416353 + -1?
16416352
In base 16, what is -3e31 - 13?
-3e44
In base 14, what is -289a + -25?
-28c1
In base 4, what is 10202101101 - -10?
10202101111
In base 10, what is -9 - 2630?
-2639
In base 12, what is -1 + -102b2?
-102b3
In base 16, what is 24 - -e0?
104
In base 14, what is 8b9c - -4?
8ba2
In base 9, what is 5 + 60074?
60080
In base 12, what is -a6b90a - 5?
-a6b913
In base 12, what is 4 - -b38?
b40
In base 5, what is 1 + -30402100?
-30402044
In base 7, what is 23 + 420?
443
In base 16, what is -42c1b + -5?
-42c20
In base 15, what is 1c - 22e60?
-22e43
In base 4, what is -2313 + -3013?
-11332
In base 2, what is -1000 + 110110100000?
110110011000
In base 9, what is 3 + -748124?
-748121
In base 10, what is 13 - -3157?
3170
In base 13, what is -3 + -386040?
-386043
In base 9, what is 336702 + 6?
336708
In base 13, what is -18 + -585?
-5a0
In base 2, what is 11011000011101 + 10000?
11011000101101
In base 14, what is -b95 - -2?
-b93
In base 9, what is -1818680 + -4?
-1818684
In base 13, what is -219511 - 2?
-219513
In base 8, what is -6521 + 13?
-6506
In base 5, what is -121 + -140?
-311
In base 5, w